51
In base 5, what is 1240 + 1?
1241
In base 16, what is -19 + -1d?
-36
In base 9, what is -34 + 80?
45
In base 8, what is 2553 - -5?
2560
In base 16, what is -2 + -c4?
-c6
In base 13, what is 0 + -20c?
-20c
In base 9, what is 611 + 0?
611
In base 9, what is -5 - -74?
68
In base 8, what is 1536 + -4?
1532
In base 16, what is -3 - -d0?
cd
In base 8, what is 0 + 31?
31
In base 14, what is -4 - 69?
-6d
In base 3, what is 12 + 10121122?
10121211
In base 2, what is 1100111 - -10001?
1111000
In base 5, what is 4 - 313?
-304
In base 13, what is 600 + 5?
605
In base 11, what is -5836 - -3?
-5833
In base 11, what is 395 + -3?
392
In base 7, what is 60 - -54?
144
In base 4, what is -13 - -2?
-11
In base 5, what is 430113 + -3?
430110
In base 16, what is -1d - fc?
-119
In base 11, what is -1 + -681?
-682
In base 4, what is -1 + 11312?
11311
In base 5, what is -4 + -3102?
-3111
In base 5, what is 10 - -2221?
2231
In base 12, what is 2 - -167?
169
In base 16, what is 4c + -4?
48
In base 14, what is -3 + -19?
-1c
In base 10, what is 0 + 35?
35
In base 9, what is 4 - 34?
-30
In base 6, what is 0 - -42?
42
In base 5, what is 2210 + -1?
2204
In base 4, what is 2120203 + 1?
2120210
In base 7, what is -2431 + 3?
-2425
In base 3, what is 11121 + 102?
12000
In base 3, what is 111011 + 1022?
112110
In base 4, what is 1133 - -2?
1201
In base 9, what is -72 + -15?
-87
In base 12, what is 25 + -3?
22
In base 2, what is 11011 - -101?
100000
In base 3, what is 10 + 2102110?
2102120
In base 2, what is 11 - -1110001?
1110100
In base 9, what is 11 + -108?
-87
In base 12, what is -90 + -42?
-112
In base 4, what is 0 + -21001?
-21001
In base 7, what is -34 - 11?
-45
In base 9, what is 3 - -5003?
5006
In base 14, what is 151 + -17?
138
In base 9, what is -773 + -2?
-775
In base 15, what is -7 - -52?
4a
In base 6, what is -143 + -40?
-223
In base 2, what is -1110010110 + 0?
-1110010110
In base 9, what is 21820 - 2?
21817
In base 8, what is 32 + 3?
35
In base 9, what is 2854 - 0?
2854
In base 14, what is -6 - -4a6?
4a0
In base 11, what is 1a + 1?
20
In base 15, what is -24 - 6?
-2a
In base 3, what is -11 - -12002101?
12002020
In base 2, what is -100 + 100000110?
100000010
In base 3, what is 1 - 122120?
-122112
In base 4, what is 312 + 1131?
2103
In base 7, what is 5 + -236?
-231
In base 5, what is -1 + -221?
-222
In base 8, what is -325 - -4?
-321
In base 6, what is -30452 - -2?
-30450
In base 3, what is 20 - 2000012?
-1222222
In base 12, what is -7b - -4?
-77
In base 6, what is -252 + -242?
-534
In base 4, what is 223 + 10?
233
In base 13, what is -1 - -23?
22
In base 15, what is 0 - -649?
649
In base 13, what is -2b4 - 0?
-2b4
In base 8, what is 27567 + -2?
27565
In base 10, what is -68 + 0?
-68
In base 15, what is 4 + -193?
-18e
In base 7, what is -6161 - -4?
-6154
In base 13, what is 1 + -b7?
-b6
In base 8, what is -13 - 55?
-70
In base 12, what is -6 - 19a7?
-19b1
In base 4, what is 11 - -1002?
1013
In base 14, what is 2d + -2?
2b
In base 3, what is 11 - -21?
102
In base 3, what is 0 - -102011?
102011
In base 6, what is 3 - 1441?
-1434
In base 16, what is -b91 - -9?
-b88
In base 6, what is 13511 - -1?
13512
In base 10, what is -68 + 3?
-65
In base 13, what is 35 + 1?
36
In base 10, what is 13 + 434?
447
In base 5, what is -201 - -10?
-141
In base 12, what is -10 - -1?
-b
In base 12, what is -4 - 3705?
-3709
In base 14, what is -3 + -10d?
-112
In base 13, what is 1958 - -5?
1960
In base 11, what is -4 - -320?
317
In base 6, what is 11 + -22?
-11
In base 6, what is 333 + 1?
334
In base 16, what is b - 31?
-26
In base 12, what is -16 - 201?
-217
In base 8, what is -63474 - 2?
-63476
In base 6, what is 123 - 1151?
-1024
In base 13, what is -2 - 34c?
-351
In base 15, what is 3 + ab?
ae
In base 5, what is -42 + -3132?
-3224
In base 3, what is -1002021 - -22?
-1001222
In base 15, what is -5 - 5?
-a
In base 6, what is 1 + -104?
-103
In base 7, what is 12 - 4?
5
In base 5, what is 2310 + -1?
2304
In base 9, what is 7 - -24?
32
In base 9, what is 58 + 3?
62
In base 15, what is 117 + -2?
115
In base 8, what is 11 + 106?
117
In base 5, what is -410 - 10?
-420
In base 3, what is -121000 - -101?
-120122
In base 5, what is -31 - 203?
-234
In base 3, what is 101 + 222?
1100
In base 2, what is -1001 - 1000011100?
-1000100101
In base 12, what is -4 + -a8?
-b0
In base 15, what is 3 + -e2d?
-e2a
In base 12, what is -3 + 181?
17a
In base 7, what is 1 - -143?
144
In base 9, what is 20 + -102?
-72
In base 5, what is -2 - 100420?
-100422
In base 14, what is 9 + b?
16
In base 5, what is 1 + -1142?
-1141
In base 5, what is -113104 + 0?
-113104
In base 9, what is -1258 - -3?
-1255
In base 9, what is 1 - -3571?
3572
In base 15, what is 168 - 4?
164
In base 15, what is 191 - 2?
18e
In base 6, what is -2 + 12342?
12340
In base 5, what is -4 + -323?
-332
In base 12, what is -4 + 102?
ba
In base 11, what is 5 + 223?
228
In base 10, what is 5 - 804?
-799
In base 6, what is 5 + 1104?
1113
In base 3, what is -1101220 + 10?
-1101210
In base 10, what is -53 + -4?
-57
In base 10, what is -45 + 5?
-40
In base 11, what is 2 + -222?
-220
In base 13, what is -371 - -3?
-36b
In base 2, what is 101 + -11111110?
-11111001
In base 16, what is -12f - -8?
-127
In base 12, what is 392 + 2?
394
In base 15, what is 1 - 9c2?
-9c1
In base 12, what is -b - 62?
-71
In base 7, what is -260 + -2?
-262
In base 3, what is 1021 + 12?
1110
In base 12, what is 2aa - 5?
2a5
In base 12, what is 8 + -26?
-1a
In base 6, what is -10 + 1102?
1052
In base 9, what is 12 + 180?
202
In base 15, what is -228 + -5?
-22d
In base 10, what is -282 - -56?
-226
In base 13, what is -3 + ac5?
ac2
In base 16, what is -383 + -5?
-388
In base 14, what is -33 + 0?
-33
In base 12, what is -5 - -148?
143
In base 6, what is -45 + 40?
-5
In base 2, what is -10100011 + 11?
-10100000
In base 14, what is b + 54?
61
In base 14, what is -2 - -6b3?
6b1
In base 4, what is 132 + 13?
211
In base 13, what is -30 - -2?
-2b
In base 15, what is -10b + 2a?
-d1
In base 9, what is 402 + 5?
407
In base 9, what is -527 - -6?
-521
In base 10, what is 23 + -30?
-7
In base 9, what is -5 - -1506?
1501
In base 5, what is 12 + -1234?
-1222
In base 12, what is 4 + 57?
5b
In base 11, what is 5 + -147?
-142
In base 12, what is -a223 - -2?
-a221
In base 10, what is -6 - 9?
-15
In base 11, what is -12 + 85?
73
In base 13, what is -22 - 8?
-2a
In base 16, what is -5 - -194?
18f
In base 12, what is 1a35b - -4?
1a363
In base 16, what is 9b - 0?
9b
In base 16, what is -d3 - 2?
-d5
In base 8, what is 207 + -11?
176
In base 3, what is 1 - -12222?
20000
In base 3, what is 121 + 20220?
21111
In base 6, what is -5330 + -5?
-5335
In base 8, what is -2 - -11267?
11265
In base 4, what is -120133 - -12?
-120121
In base 3, what is -11 - -102122?
102111
In base 7, what is -5303 + -1?
-5304
In base 16, what is -25c + b?
-251
In base 3, what is 221121 - -2?
221200
In base 10, what is -124 - -5?
-119
In base 10, what is 6 + -99?
-93
In base 11, what is -3 + -238?
-240
In base 3, what is -1002020 - 0?
-1002020
In base 6, what is 4 - -2213?
2221
In base 13, what is -15 + 29?
14
In base 15, what is -2be + -b?
-2ca
In base 10, what is -4 - -125?
121
In base 7, what is 6 + 100?
106
In base 8, what is 2 + 15?
17
In base 13, what is 3 + a07?
a0a
In base 14, what is 2 + 6d4?
6d6
In base 10, what is -255 + 4?
-251
In base 5, what is -133 + 1010?
322
In base 4, what is -10031 - 3?
-10100
In base 12, what is -1 + 490?
48b
In base 9, what is -8838 + -4?
-8843
In base 9, what is -13 - 8?
-22
In base 11, what is 16 - -12?
28
In base 15, what is 2c + 3?
30
In base 4, what is -10 + 1012?
1002
In base 3, what is 2 - 10222?
-10220
In base 9, what is 13 - 104?
-81
In base 2, what is 100 - 101000111?
-101000011
In base 11, what is 4 + 2461?
2465
In base 9, what is 0 - -87?
87
In base 5, what is -43302 + 0?
-43302
In base 13, what is 0 - 89?
-89
In base 15, what is -27 - 1?
-28
In base 12, what is -4 - -3a?
36
In base 5, what is -33 + -103?
-141
In base 6, what is 3 + -3241?
-3234
In base 7, what is -111 - 4?
-115
In base 12, what is 3 + -3bb?
-3b8
In base 5, what is -101 + -1140?
-1241
In base 11, what is 7a - 9?
71
In base 7, what is 40 + -30?
10
In base 8, what is 327 + 40?
367
In base 7, what is 53 + 1?
54
In base 14,